{"id":5,"date":"2018-03-16T16:05:15","date_gmt":"2018-03-16T15:05:15","guid":{"rendered":"http:\/\/haraldsplass.wpengine.com\/overnatting\/?page_id=5"},"modified":"2025-06-06T14:34:46","modified_gmt":"2025-06-06T12:34:46","slug":"overnatting","status":"publish","type":"page","link":"https:\/\/www.haraldsplass.org\/overnatting\/overnatting\/","title":{"rendered":"Overnatting Regines gjestehus"},"content":{"rendered":"[vc_row type=&raquo;in_container&raquo; full_screen_row_position=&raquo;middle&raquo; column_margin=&raquo;default&raquo; column_direction=&raquo;default&raquo; column_direction_tablet=&raquo;default&raquo; column_direction_phone=&raquo;default&raquo; scene_position=&raquo;center&raquo; text_color=&raquo;dark&raquo; text_align=&raquo;left&raquo; row_border_radius=&raquo;none&raquo; row_border_radius_applies=&raquo;bg&raquo; overflow=&raquo;visible&raquo; overlay_strength=&raquo;0.3&#8243; gradient_direction=&raquo;left_to_right&raquo; shape_divider_position=&raquo;bottom&raquo; bg_image_animation=&raquo;none&raquo;][vc_column column_padding=&raquo;no-extra-padding&raquo; column_padding_tablet=&raquo;inherit&raquo; column_padding_phone=&raquo;inherit&raquo; column_padding_position=&raquo;all&raquo; column_element_direction_desktop=&raquo;default&raquo; column_element_spacing=&raquo;default&raquo; desktop_text_alignment=&raquo;default&raquo; tablet_text_alignment=&raquo;default&raquo; phone_text_alignment=&raquo;default&raquo; background_color_opacity=&raquo;1&#8243; background_hover_color_opacity=&raquo;1&#8243; column_backdrop_filter=&raquo;none&raquo; column_shadow=&raquo;none&raquo; column_border_radius=&raquo;none&raquo; column_link_target=&raquo;_self&raquo; column_position=&raquo;default&raquo; gradient_direction=&raquo;left_to_right&raquo; overlay_strength=&raquo;0.3&#8243; width=&raquo;1\/1&#8243; tablet_width_inherit=&raquo;default&raquo; animation_type=&raquo;default&raquo; bg_image_animation=&raquo;none&raquo; border_type=&raquo;simple&raquo; column_border_width=&raquo;none&raquo; column_border_style=&raquo;solid&raquo;][vc_column_text]\n<h1>Overnatting<\/h1>\n[\/vc_column_text][divider line_type=&raquo;No Line&raquo; custom_height=&raquo;20&#8243;][vc_column_text css=&raquo;&raquo; text_direction=&raquo;default&raquo;]\n<h3><strong>Regines gjestehus et rimelig overnattingstilbud i rolige omgivelser p\u00e5 Haraldsplass i Bergen. (Gjestehuset er stengt fram til v\u00e5r 2026 p\u00e5 grunn av oppussing.)<\/strong><\/h3>\n[\/vc_column_text][\/vc_column][\/vc_row][vc_row type=&raquo;in_container&raquo; full_screen_row_position=&raquo;middle&raquo; column_margin=&raquo;default&raquo; column_direction=&raquo;default&raquo; column_direction_tablet=&raquo;default&raquo; column_direction_phone=&raquo;default&raquo; scene_position=&raquo;center&raquo; text_color=&raquo;dark&raquo; text_align=&raquo;left&raquo; row_border_radius=&raquo;none&raquo; row_border_radius_applies=&raquo;bg&raquo; overflow=&raquo;visible&raquo; overlay_strength=&raquo;0.3&#8243; gradient_direction=&raquo;left_to_right&raquo; shape_divider_position=&raquo;bottom&raquo; bg_image_animation=&raquo;none&raquo;][vc_column column_padding=&raquo;no-extra-padding&raquo; column_padding_tablet=&raquo;inherit&raquo; column_padding_phone=&raquo;inherit&raquo; column_padding_position=&raquo;all&raquo; column_element_direction_desktop=&raquo;default&raquo; column_element_spacing=&raquo;default&raquo; desktop_text_alignment=&raquo;default&raquo; tablet_text_alignment=&raquo;default&raquo; phone_text_alignment=&raquo;default&raquo; background_color_opacity=&raquo;1&#8243; background_hover_color_opacity=&raquo;1&#8243; column_backdrop_filter=&raquo;none&raquo; column_shadow=&raquo;none&raquo; column_border_radius=&raquo;none&raquo; column_link_target=&raquo;_self&raquo; column_position=&raquo;default&raquo; gradient_direction=&raquo;left_to_right&raquo; overlay_strength=&raquo;0.3&#8243; width=&raquo;1\/1&#8243; tablet_width_inherit=&raquo;default&raquo; animation_type=&raquo;default&raquo; bg_image_animation=&raquo;none&raquo; border_type=&raquo;simple&raquo; column_border_width=&raquo;none&raquo; column_border_style=&raquo;solid&raquo;][\/vc_column][\/vc_row][vc_row type=&raquo;in_container&raquo; full_screen_row_position=&raquo;middle&raquo; column_margin=&raquo;default&raquo; column_direction=&raquo;default&raquo; column_direction_tablet=&raquo;default&raquo; column_direction_phone=&raquo;default&raquo; scene_position=&raquo;center&raquo; text_color=&raquo;dark&raquo; text_align=&raquo;left&raquo; row_border_radius=&raquo;none&raquo; row_border_radius_applies=&raquo;bg&raquo; overflow=&raquo;visible&raquo; overlay_strength=&raquo;0.3&#8243; gradient_direction=&raquo;left_to_right&raquo; shape_divider_position=&raquo;bottom&raquo; bg_image_animation=&raquo;none&raquo; shape_type=&raquo;&raquo;][vc_column column_padding=&raquo;no-extra-padding&raquo; column_padding_tablet=&raquo;inherit&raquo; column_padding_phone=&raquo;inherit&raquo; column_padding_position=&raquo;all&raquo; column_element_direction_desktop=&raquo;default&raquo; column_element_spacing=&raquo;default&raquo; desktop_text_alignment=&raquo;default&raquo; tablet_text_alignment=&raquo;default&raquo; phone_text_alignment=&raquo;default&raquo; background_color_opacity=&raquo;1&#8243; background_hover_color_opacity=&raquo;1&#8243; column_backdrop_filter=&raquo;none&raquo; column_shadow=&raquo;none&raquo; column_border_radius=&raquo;none&raquo; column_link_target=&raquo;_self&raquo; column_position=&raquo;default&raquo; gradient_direction=&raquo;left_to_right&raquo; overlay_strength=&raquo;0.3&#8243; width=&raquo;1\/1&#8243; tablet_width_inherit=&raquo;default&raquo; animation_type=&raquo;default&raquo; bg_image_animation=&raquo;none&raquo; border_type=&raquo;simple&raquo; column_border_width=&raquo;none&raquo; column_border_style=&raquo;solid&raquo;][image_with_animation image_url=&raquo;114&#8243; image_size=&raquo;full&raquo; animation_type=&raquo;entrance&raquo; animation=&raquo;Fade In&raquo; animation_easing=&raquo;default&raquo; animation_movement_type=&raquo;transform_y&raquo; hover_animation=&raquo;none&raquo; alignment=&raquo;&raquo; border_radius=&raquo;none&raquo; box_shadow=&raquo;none&raquo; image_loading=&raquo;default&raquo; max_width=&raquo;100%&raquo; max_width_mobile=&raquo;default&raquo;][\/vc_column][\/vc_row][vc_row type=&raquo;in_container&raquo; full_screen_row_position=&raquo;middle&raquo; column_margin=&raquo;default&raquo; column_direction=&raquo;default&raquo; column_direction_tablet=&raquo;default&raquo; column_direction_phone=&raquo;default&raquo; scene_position=&raquo;center&raquo; text_color=&raquo;dark&raquo; text_align=&raquo;left&raquo; row_border_radius=&raquo;none&raquo; row_border_radius_applies=&raquo;bg&raquo; overflow=&raquo;visible&raquo; overlay_strength=&raquo;0.3&#8243; gradient_direction=&raquo;left_to_right&raquo; shape_divider_position=&raquo;bottom&raquo; bg_image_animation=&raquo;none&raquo;][vc_column column_padding=&raquo;no-extra-padding&raquo; column_padding_tablet=&raquo;inherit&raquo; column_padding_phone=&raquo;inherit&raquo; column_padding_position=&raquo;all&raquo; column_element_direction_desktop=&raquo;default&raquo; column_element_spacing=&raquo;default&raquo; desktop_text_alignment=&raquo;default&raquo; tablet_text_alignment=&raquo;default&raquo; phone_text_alignment=&raquo;default&raquo; background_color_opacity=&raquo;1&#8243; background_hover_color_opacity=&raquo;1&#8243; column_backdrop_filter=&raquo;none&raquo; column_shadow=&raquo;none&raquo; column_border_radius=&raquo;none&raquo; column_link_target=&raquo;_self&raquo; column_position=&raquo;default&raquo; gradient_direction=&raquo;left_to_right&raquo; overlay_strength=&raquo;0.3&#8243; width=&raquo;1\/1&#8243; tablet_width_inherit=&raquo;default&raquo; animation_type=&raquo;default&raquo; bg_image_animation=&raquo;none&raquo; border_type=&raquo;simple&raquo; column_border_width=&raquo;none&raquo; column_border_style=&raquo;solid&raquo;][vc_column_text css=&raquo;&raquo; text_direction=&raquo;default&raquo;]Gjestehuset ligger like ved Haraldsplass Diakonale Sykehus og rett nedenfor VID vitenskapelige h\u00f8gskole. Gjestehuset er i sin helhet eid og blir drevet av Haraldsplass Diakonale Stiftelse.<\/p>\n<p>Alle som er tilknyttet helseaktivitet i omr\u00e5det er velkommen.<\/p>\n<p><strong>Priser<\/strong><\/p>\n<p>Prisene gjelder per person per d\u00f8gn.<\/p>\n<table width=\"100%\">\n<tbody>\n<tr>\n<td>TYPE ROM<\/td>\n<td>D\u00d8GNPRIS<\/td>\n<\/tr>\n<tr>\n<td>Rom med bad<\/td>\n<td>kr. 850,-<\/td>\n<\/tr>\n<tr>\n<td>Rom uten bad<\/td>\n<td>kr. 750,-<\/td>\n<\/tr>\n<tr>\n<td>Dobbeltrom (gjelder alle typer rom)<\/td>\n<td>kr. 1100,-<\/td>\n<\/tr>\n<\/tbody>\n<\/table>\n<p>P\u00e5 langtidsleie (over 1 m\u00e5ned) tilbyr vi gode avtalepriser.<\/p>\n<p><strong>Prisene inkluderer<\/strong><\/p>\n<ul>\n<li>Tr\u00e5dl\u00f8st nettverk<\/li>\n<li>H\u00e5ndkl\u00e6r og senget\u00f8y<\/li>\n<li>Oppvask p\u00e5 felles kj\u00f8kken 1 gang pr. dag.<\/li>\n<li>Vask av rommet ved opphold over 2 uker.<\/li>\n<li>Bruk av\u00a0vaskemaskin og t\u00f8rketrommel\u00a0i 3. etg.<\/li>\n<\/ul>\n<p>Prisene inkluderer ikke frokost, men det er tilgang til felleskj\u00f8kken.<\/p>\n<p><strong>Booking<br \/>\n<\/strong>Ring oss p\u00e5 telefon 97 75 45 91 mellom kl. 09.00 og 14.00 mandag-torsdag. Du kan ogs\u00e5 sende en henvendelse til <a href=\"mailto:post@hk.haraldsplass.no\">post@hk.haraldsplass.no.<\/a><\/p>\n<p><strong>Fasiliteter<\/strong><\/p>\n<ul>\n<li><strong>Felles kj\u00f8kken:<\/strong> Et moderne felles kj\u00f8kken ligger i 2. etasje og\u00a0 er fullt utstyrt med blant annet vannkoker, br\u00f8drister, oppvaskmaskin og kj\u00f8leskap.<\/li>\n<li><strong>Matordning:<\/strong> Alle v\u00e5re gjester kan bruke fullt utstyrt felleskj\u00f8kken i 2. etasje til matlaging.<\/li>\n<li><strong>N\u00e6rbutikk:<\/strong> Butikk ca. 100 meter fra Regines Gjestehus (i krysset ved oppkj\u00f8rselen til Haraldsplass Sykehus) ligger Rema 1000. \u00c5pen kl.07.00 -22.00 mandag \u0096 fredag og kl.08.00-20.00 l\u00f8rdag.<\/li>\n<li><strong>Kantiner:<\/strong>\u00a0Kantinene ved Haraldsplass Diakonale Sykehus og VID er for tiden stengt for gjester ved Gjestehuset. Kantinen vil \u00e5pnes igjen for gjestehusets gjester n\u00e5r pandemien tillater det.<\/li>\n<li><strong>Kiosk:<\/strong> Kiosk i sykehusets resepsjon er \u00e5pen kl. 10.00-20.00 mandag \u0096 fredag, kl.11.00-19.30 l\u00f8rdag og kl.12.00-20.00 s\u00f8ndag.<\/li>\n<li><strong>Stille rom:<\/strong> Det stille rommet i 1.etasje er til fri disposisjon for alle gjester. Kunstnerne som har utsmykket rommet \u00f8nsket at det skal v\u00e6re en forbindelse mellom parken ved huset og dette rommet. Teppet bak alteret har et bilde av tr\u00e6r i lindeall\u00e8en, som er p\u00e5 begge sider av gjestehuset. Tenn gjerne et lys p\u00e5 stubben p\u00e5 gulvet eller p\u00e5 bladene p\u00e5 veggen om du vil.<\/li>\n<li><strong>Andaktsliv:<\/strong> I Diakonissehjemmets kapell p\u00e5 S\u00f8sterhjemmet har vi faste morgenandakter kl. 08.00. det ogs\u00e5 samlinger med b\u00f8nn hver onsdag kl.11.30, etterfulgt av vaffelservering. Alle v\u00e5re gjester er hjertelig velkommen.<\/li>\n<li><strong>Tr\u00e5dl\u00f8st nettverk:<\/strong> P\u00e5 Regines Gjestehus er det gratis tilgang til tr\u00e5dl\u00f8st internett. I romfolder og p\u00e5 oppslagstavlen ved kj\u00f8kkenet finner du brukenavn med passord og telefonnummer til kontaktperson ved eventuelle problemer.<\/li>\n<li><strong>Vaskerom:<\/strong> Vaskerom ligger i 3 etasje og kan benyttes av alle v\u00e5re gjester. Her er vaskemaskin, t\u00f8rketrommel, t\u00f8rkestativ, strykejern med strykebrett er tilgjengelig.<\/li>\n<li><strong>Senget\u00f8y og h\u00e5ndkl\u00e6r:<\/strong> Bruk av h\u00e5ndkl\u00e6r og senget\u00f8y inkludert i prisen. Ved inngangen til hver etasje finnes det rene h\u00e5ndkl\u00e6r og senget\u00f8y. Vi \u00f8nsker \u00e5 v\u00e6re med \u00e5 bevare milj\u00f8et. Derfor har vi et beregnet forbruk av h\u00e5ndkl\u00e6r hver 3.dag (1 sett per person); senget\u00f8y 1 gang per m\u00e5ned ved langt opphold.<\/li>\n<li><strong>Renhold:<\/strong> Rommene vaskes ved opphold over 2 uker. Da m\u00e5 renholdspersonale eller hus\u00f8konom\u00a0 kontaktes. Alle fellesrom, inkludert kj\u00f8kken,\u00a0 bad og toaletter\u00a0 rengj\u00f8res hver dag unntatt helger. Gjester som vil rengj\u00f8re rommet sitt selv finner rene mopper og kluter p\u00e5 vaskerommet i 3. etasje.<\/li>\n<\/ul>\n<p><strong>Betaling<br \/>\n<\/strong>Med bankkort ved innsjekk i resepsjonen p\u00e5 Haraldsplass Diakonale Sykehus.<br \/>\nDet er ogs\u00e5 mulig \u00e5 f\u00e5 tilsendt faktura. Da kommer et administrasjons- og fakturagebyr p\u00e5 kr. 75,- i tillegg.<\/p>\n<p><strong>Avbestilling<br \/>\n<\/strong>Ved avbestilling gis beskjed om dette s\u00e5 raskt som mulig. Rom som ikke er avbestilt dagen f\u00f8r blir fakturert.<\/p>\n<p><strong>Innsjekking<br \/>\n<\/strong>Innsjekk mellom kl. 14.00 og 20.30 i resepsjonen p\u00e5 Haraldsplass Diakonale Sykehus. Sykehuset er \u00e5pent alle dager mellom kl.07.00 og 20.45 og adressen til sykehuset\u00a0 er Ulriksdal 8.<br \/>\nHar du behov for senere\/tidligere inn-eller\u00a0utsjekk, ta gjerne kontakt med oss.<br \/>\nRegines Gjestehus er hel\u00e5rs\u00e5pent og gjestehuset er ubetjent ettermiddag, natt og helger.<\/p>\n<p><strong>N\u00f8kler<\/strong><br \/>\nN\u00f8kler utleveres i resepsjonen p\u00e5 Haraldsplass Diakonale Sykehus og legges igjen p\u00e5 rommet ved avreise. Ved tap av n\u00f8kler betales det erstatning p\u00e5 kr.500,-<\/p>\n<p><strong>Utsjekking<\/strong><br \/>\nUtsjekk skal skje f\u00f8r kl.11.00.<\/p>\n<p><strong>Ordensregler<\/strong><br \/>\nRegines Gjestehus er kjent som et rolig overnattingssted. Derfor ber vi v\u00e5re gjester respektere gjestehusets\u00a0 ordensregler og ikke minst &#8211; stillheten. Det er ikke tillatt \u00e5 r\u00f8yke eller nyte alkohol p\u00e5 gjestehuset. Ytterd\u00f8rene skal v\u00e6re l\u00e5st mellom kl.15.00 og 08.00 mandag-fredag og d\u00f8gnet rundt i helger. Lyset i trappeoppgang og korridor er alltid tent.<\/p>\n<p><strong>Historie<br \/>\n<\/strong>Gjestfrihet har alltid v\u00e6rt en tradisjon hos Stiftelsen Diakonova Haraldsplass som eier Regines gjestehus. Virksomheten, tidligere kalt Haraldsplass Diakonale Stiftelse og Bergen Diakonissehjem, ble stiftet i 1918 som en uavhengig stiftelse under den Norske Kirke. Den f\u00f8rste forstanderinnen, Regine Waage, virket fra 1920-1931. Hun var en viktig bidragsyter til at den 45 m\u00e5ls store eiendommen Mohns g\u00e5rd og landsted p\u00e5 Haraldsplass ble kj\u00f8pt i 1924. Det blir sagt at s\u00f8ster Regine vandret frem og tilbake gjennom lindealleen og ba Gud legge forholdene til rette slik at det ville bli mulig \u00e5 bygge et sykehus med s\u00f8sterhjem p\u00e5 eiendommen. I 1940 sto sykehus med s\u00f8sterhjem ferdig. S\u00f8stersamfunnet med forstander og forstanderinne i spissen var selve b\u00e6rebjelken i virksomheten. Helt fram til 1970 var det disse som stod for ledelsen.<\/p>\n<p>S\u00f8ster Regines Minne ble bygget p\u00e5 gaver og var s\u00f8sterhjem for diakonisser som var g\u00e5tt av med pensjon. Huset ble satt opp i 1955. Arkitekt var Per Grieg.<\/p>\n<p>I dag er det Haraldsplass Serio Ung AS som har kontorer i f\u00f8rste etasje. Regines Gjestehus holder til i andre og tredje etasje.[\/vc_column_text][\/vc_column][\/vc_row][vc_row type=&raquo;in_container&raquo; full_screen_row_position=&raquo;middle&raquo; column_margin=&raquo;default&raquo; column_direction=&raquo;default&raquo; column_direction_tablet=&raquo;default&raquo; column_direction_phone=&raquo;default&raquo; scene_position=&raquo;center&raquo; text_color=&raquo;dark&raquo; text_align=&raquo;left&raquo; row_border_radius=&raquo;none&raquo; row_border_radius_applies=&raquo;bg&raquo; overflow=&raquo;visible&raquo; overlay_strength=&raquo;0.3&#8243; gradient_direction=&raquo;left_to_right&raquo; shape_divider_position=&raquo;bottom&raquo; bg_image_animation=&raquo;none&raquo;][vc_column column_padding=&raquo;no-extra-padding&raquo; column_padding_tablet=&raquo;inherit&raquo; column_padding_phone=&raquo;inherit&raquo; column_padding_position=&raquo;all&raquo; column_element_direction_desktop=&raquo;default&raquo; column_element_spacing=&raquo;default&raquo; desktop_text_alignment=&raquo;default&raquo; tablet_text_alignment=&raquo;default&raquo; phone_text_alignment=&raquo;default&raquo; background_color_opacity=&raquo;1&#8243; background_hover_color_opacity=&raquo;1&#8243; column_backdrop_filter=&raquo;none&raquo; column_shadow=&raquo;none&raquo; column_border_radius=&raquo;none&raquo; column_link_target=&raquo;_self&raquo; column_position=&raquo;default&raquo; gradient_direction=&raquo;left_to_right&raquo; overlay_strength=&raquo;0.3&#8243; width=&raquo;1\/1&#8243; tablet_width_inherit=&raquo;default&raquo; animation_type=&raquo;default&raquo; bg_image_animation=&raquo;none&raquo; border_type=&raquo;simple&raquo; column_border_width=&raquo;none&raquo; column_border_style=&raquo;solid&raquo;][nectar_btn size=&raquo;medium&raquo; button_style=&raquo;regular&raquo; button_color_2=&raquo;Accent-Color&raquo; icon_family=&raquo;none&raquo; url=&raquo;\/overnatting\/overnatting\/rommene\/&raquo; text=&raquo;Rommene&raquo;][nectar_btn size=&raquo;medium&raquo; button_style=&raquo;regular&raquo; button_color_2=&raquo;Extra-Color-1&#8243; icon_family=&raquo;none&raquo; url=&raquo;\/overnatting\/overnatting\/kontakt\/&raquo; text=&raquo;Kontakt&raquo;][\/vc_column][\/vc_row]\n","protected":false},"excerpt":{"rendered":"<p>[vc_row type=&raquo;in_container&raquo; full_screen_row_position=&raquo;middle&raquo; column_margin=&raquo;default&raquo; column_direction=&raquo;default&raquo; column_direction_tablet=&raquo;default&raquo; column_direction_phone=&raquo;default&raquo; scene_position=&raquo;center&raquo; text_color=&raquo;dark&raquo; text_align=&raquo;left&raquo; row_border_radius=&raquo;none&raquo; row_border_radius_applies=&raquo;bg&raquo; overflow=&raquo;visible&raquo; overlay_strength=&raquo;0.3&#8243; gradient_direction=&raquo;left_to_right&raquo; shape_divider_position=&raquo;bottom&raquo; bg_image_animation=&raquo;none&raquo;][vc_column column_padding=&raquo;no-extra-padding&raquo; column_padding_tablet=&raquo;inherit&raquo; column_padding_phone=&raquo;inherit&raquo; column_padding_position=&raquo;all&raquo; column_element_direction_desktop=&raquo;default&raquo; column_element_spacing=&raquo;default&raquo; desktop_text_alignment=&raquo;default&raquo; tablet_text_alignment=&raquo;default&raquo; phone_text_alignment=&raquo;default&raquo; background_color_opacity=&raquo;1&#8243; background_hover_color_opacity=&raquo;1&#8243; column_backdrop_filter=&raquo;none&raquo; column_shadow=&raquo;none&raquo;&#8230;<\/p>\n","protected":false},"author":3,"featured_media":0,"parent":0,"menu_order":0,"comment_status":"closed","ping_status":"closed","template":"","meta":{"footnotes":""},"class_list":["post-5","page","type-page","status-publish"],"yoast_head":"<!-- This site is optimized with the Yoast SEO plugin v27.5 - https:\/\/yoast.com\/product\/yoast-seo-wordpress\/ -->\n<title>Overnatting Regines gjestehus - Haraldsplass Utleie og overnatting<\/title>\n<meta name=\"robots\" content=\"index, follow, max-snippet:-1, max-image-preview:large, max-video-preview:-1\" \/>\n<link rel=\"canonical\" href=\"https:\/\/www.haraldsplass.org\/overnatting\/overnatting\/\" \/>\n<meta property=\"og:locale\" content=\"nb_NO\" \/>\n<meta property=\"og:type\" content=\"article\" \/>\n<meta property=\"og:title\" content=\"Overnatting Regines gjestehus - Haraldsplass Utleie og overnatting\" \/>\n<meta property=\"og:description\" content=\"[vc_row type=&raquo;in_container&raquo; full_screen_row_position=&raquo;middle&raquo; column_margin=&raquo;default&raquo; column_direction=&raquo;default&raquo; column_direction_tablet=&raquo;default&raquo; column_direction_phone=&raquo;default&raquo; scene_position=&raquo;center&raquo; text_color=&raquo;dark&raquo; text_align=&raquo;left&raquo; row_border_radius=&raquo;none&raquo; row_border_radius_applies=&raquo;bg&raquo; overflow=&raquo;visible&raquo; overlay_strength=&raquo;0.3&#8243; gradient_direction=&raquo;left_to_right&raquo; shape_divider_position=&raquo;bottom&raquo; bg_image_animation=&raquo;none&raquo;][vc_column column_padding=&raquo;no-extra-padding&raquo; column_padding_tablet=&raquo;inherit&raquo; column_padding_phone=&raquo;inherit&raquo; column_padding_position=&raquo;all&raquo; column_element_direction_desktop=&raquo;default&raquo; column_element_spacing=&raquo;default&raquo; desktop_text_alignment=&raquo;default&raquo; tablet_text_alignment=&raquo;default&raquo; phone_text_alignment=&raquo;default&raquo; background_color_opacity=&raquo;1&#8243; background_hover_color_opacity=&raquo;1&#8243; column_backdrop_filter=&raquo;none&raquo; column_shadow=&raquo;none&raquo;...\" \/>\n<meta property=\"og:url\" content=\"https:\/\/www.haraldsplass.org\/overnatting\/overnatting\/\" \/>\n<meta property=\"og:site_name\" content=\"Haraldsplass Utleie og overnatting\" \/>\n<meta property=\"article:modified_time\" content=\"2025-06-06T12:34:46+00:00\" \/>\n<meta name=\"twitter:card\" content=\"summary_large_image\" \/>\n<meta name=\"twitter:label1\" content=\"Ansl. lesetid\" \/>\n\t<meta name=\"twitter:data1\" content=\"7 minutter\" \/>\n<script type=\"application\/ld+json\" class=\"yoast-schema-graph\">{\"@context\":\"https:\\\/\\\/schema.org\",\"@graph\":[{\"@type\":\"WebPage\",\"@id\":\"https:\\\/\\\/www.haraldsplass.org\\\/overnatting\\\/overnatting\\\/\",\"url\":\"https:\\\/\\\/www.haraldsplass.org\\\/overnatting\\\/overnatting\\\/\",\"name\":\"Overnatting Regines gjestehus - Haraldsplass Utleie og overnatting\",\"isPartOf\":{\"@id\":\"https:\\\/\\\/www.haraldsplass.org\\\/overnatting\\\/#website\"},\"datePublished\":\"2018-03-16T15:05:15+00:00\",\"dateModified\":\"2025-06-06T12:34:46+00:00\",\"breadcrumb\":{\"@id\":\"https:\\\/\\\/www.haraldsplass.org\\\/overnatting\\\/overnatting\\\/#breadcrumb\"},\"inLanguage\":\"nb-NO\",\"potentialAction\":[{\"@type\":\"ReadAction\",\"target\":[\"https:\\\/\\\/www.haraldsplass.org\\\/overnatting\\\/overnatting\\\/\"]}]},{\"@type\":\"BreadcrumbList\",\"@id\":\"https:\\\/\\\/www.haraldsplass.org\\\/overnatting\\\/overnatting\\\/#breadcrumb\",\"itemListElement\":[{\"@type\":\"ListItem\",\"position\":1,\"name\":\"Hjem\",\"item\":\"https:\\\/\\\/www.haraldsplass.org\\\/overnatting\\\/\"},{\"@type\":\"ListItem\",\"position\":2,\"name\":\"Overnatting Regines gjestehus\"}]},{\"@type\":\"WebSite\",\"@id\":\"https:\\\/\\\/www.haraldsplass.org\\\/overnatting\\\/#website\",\"url\":\"https:\\\/\\\/www.haraldsplass.org\\\/overnatting\\\/\",\"name\":\"Haraldsplass Utleie og overnatting\",\"description\":\"\",\"potentialAction\":[{\"@type\":\"SearchAction\",\"target\":{\"@type\":\"EntryPoint\",\"urlTemplate\":\"https:\\\/\\\/www.haraldsplass.org\\\/overnatting\\\/?s={search_term_string}\"},\"query-input\":{\"@type\":\"PropertyValueSpecification\",\"valueRequired\":true,\"valueName\":\"search_term_string\"}}],\"inLanguage\":\"nb-NO\"}]}<\/script>\n<!-- \/ Yoast SEO plugin. -->","yoast_head_json":{"title":"Overnatting Regines gjestehus - Haraldsplass Utleie og overnatting","robots":{"index":"index","follow":"follow","max-snippet":"max-snippet:-1","max-image-preview":"max-image-preview:large","max-video-preview":"max-video-preview:-1"},"canonical":"https:\/\/www.haraldsplass.org\/overnatting\/overnatting\/","og_locale":"nb_NO","og_type":"article","og_title":"Overnatting Regines gjestehus - Haraldsplass Utleie og overnatting","og_description":"[vc_row type=&raquo;in_container&raquo; full_screen_row_position=&raquo;middle&raquo; column_margin=&raquo;default&raquo; column_direction=&raquo;default&raquo; column_direction_tablet=&raquo;default&raquo; column_direction_phone=&raquo;default&raquo; scene_position=&raquo;center&raquo; text_color=&raquo;dark&raquo; text_align=&raquo;left&raquo; row_border_radius=&raquo;none&raquo; row_border_radius_applies=&raquo;bg&raquo; overflow=&raquo;visible&raquo; overlay_strength=&raquo;0.3&#8243; gradient_direction=&raquo;left_to_right&raquo; shape_divider_position=&raquo;bottom&raquo; bg_image_animation=&raquo;none&raquo;][vc_column column_padding=&raquo;no-extra-padding&raquo; column_padding_tablet=&raquo;inherit&raquo; column_padding_phone=&raquo;inherit&raquo; column_padding_position=&raquo;all&raquo; column_element_direction_desktop=&raquo;default&raquo; column_element_spacing=&raquo;default&raquo; desktop_text_alignment=&raquo;default&raquo; tablet_text_alignment=&raquo;default&raquo; phone_text_alignment=&raquo;default&raquo; background_color_opacity=&raquo;1&#8243; background_hover_color_opacity=&raquo;1&#8243; column_backdrop_filter=&raquo;none&raquo; column_shadow=&raquo;none&raquo;...","og_url":"https:\/\/www.haraldsplass.org\/overnatting\/overnatting\/","og_site_name":"Haraldsplass Utleie og overnatting","article_modified_time":"2025-06-06T12:34:46+00:00","twitter_card":"summary_large_image","twitter_misc":{"Ansl. lesetid":"7 minutter"},"schema":{"@context":"https:\/\/schema.org","@graph":[{"@type":"WebPage","@id":"https:\/\/www.haraldsplass.org\/overnatting\/overnatting\/","url":"https:\/\/www.haraldsplass.org\/overnatting\/overnatting\/","name":"Overnatting Regines gjestehus - Haraldsplass Utleie og overnatting","isPartOf":{"@id":"https:\/\/www.haraldsplass.org\/overnatting\/#website"},"datePublished":"2018-03-16T15:05:15+00:00","dateModified":"2025-06-06T12:34:46+00:00","breadcrumb":{"@id":"https:\/\/www.haraldsplass.org\/overnatting\/overnatting\/#breadcrumb"},"inLanguage":"nb-NO","potentialAction":[{"@type":"ReadAction","target":["https:\/\/www.haraldsplass.org\/overnatting\/overnatting\/"]}]},{"@type":"BreadcrumbList","@id":"https:\/\/www.haraldsplass.org\/overnatting\/overnatting\/#breadcrumb","itemListElement":[{"@type":"ListItem","position":1,"name":"Hjem","item":"https:\/\/www.haraldsplass.org\/overnatting\/"},{"@type":"ListItem","position":2,"name":"Overnatting Regines gjestehus"}]},{"@type":"WebSite","@id":"https:\/\/www.haraldsplass.org\/overnatting\/#website","url":"https:\/\/www.haraldsplass.org\/overnatting\/","name":"Haraldsplass Utleie og overnatting","description":"","potentialAction":[{"@type":"SearchAction","target":{"@type":"EntryPoint","urlTemplate":"https:\/\/www.haraldsplass.org\/overnatting\/?s={search_term_string}"},"query-input":{"@type":"PropertyValueSpecification","valueRequired":true,"valueName":"search_term_string"}}],"inLanguage":"nb-NO"}]}},"_links":{"self":[{"href":"https:\/\/www.haraldsplass.org\/overnatting\/wp-json\/wp\/v2\/pages\/5","targetHints":{"allow":["GET"]}}],"collection":[{"href":"https:\/\/www.haraldsplass.org\/overnatting\/wp-json\/wp\/v2\/pages"}],"about":[{"href":"https:\/\/www.haraldsplass.org\/overnatting\/wp-json\/wp\/v2\/types\/page"}],"author":[{"embeddable":true,"href":"https:\/\/www.haraldsplass.org\/overnatting\/wp-json\/wp\/v2\/users\/3"}],"replies":[{"embeddable":true,"href":"https:\/\/www.haraldsplass.org\/overnatting\/wp-json\/wp\/v2\/comments?post=5"}],"version-history":[{"count":0,"href":"https:\/\/www.haraldsplass.org\/overnatting\/wp-json\/wp\/v2\/pages\/5\/revisions"}],"wp:attachment":[{"href":"https:\/\/www.haraldsplass.org\/overnatting\/wp-json\/wp\/v2\/media?parent=5"}],"curies":[{"name":"wp","href":"https:\/\/api.w.org\/{rel}","templated":true}]}}