{"id":58,"date":"2019-02-21T10:38:55","date_gmt":"2019-02-21T09:38:55","guid":{"rendered":"http:\/\/www.haraldsplass.org\/siljuslaatten\/?page_id=58"},"modified":"2023-12-28T17:54:46","modified_gmt":"2023-12-28T16:54:46","slug":"informasjon","status":"publish","type":"page","link":"https:\/\/www.haraldsplass.org\/siljuslaatten\/parorende-og-beboere\/informasjon\/","title":{"rendered":"Praktisk informasjon"},"content":{"rendered":"[vc_row type=&raquo;in_container&raquo; full_screen_row_position=&raquo;middle&raquo; column_margin=&raquo;default&raquo; column_direction=&raquo;default&raquo; column_direction_tablet=&raquo;default&raquo; column_direction_phone=&raquo;default&raquo; scene_position=&raquo;center&raquo; text_color=&raquo;dark&raquo; text_align=&raquo;left&raquo; row_border_radius=&raquo;none&raquo; row_border_radius_applies=&raquo;bg&raquo; overflow=&raquo;visible&raquo; overlay_strength=&raquo;0.3&#8243; gradient_direction=&raquo;left_to_right&raquo; shape_divider_position=&raquo;bottom&raquo; bg_image_animation=&raquo;none&raquo;][vc_column column_padding=&raquo;no-extra-padding&raquo; column_padding_tablet=&raquo;inherit&raquo; column_padding_phone=&raquo;inherit&raquo; column_padding_position=&raquo;all&raquo; column_element_direction_desktop=&raquo;default&raquo; column_element_spacing=&raquo;default&raquo; desktop_text_alignment=&raquo;default&raquo; tablet_text_alignment=&raquo;default&raquo; phone_text_alignment=&raquo;default&raquo; background_color_opacity=&raquo;1&#8243; background_hover_color_opacity=&raquo;1&#8243; column_backdrop_filter=&raquo;none&raquo; column_shadow=&raquo;none&raquo; column_border_radius=&raquo;none&raquo; column_link_target=&raquo;_self&raquo; column_position=&raquo;default&raquo; gradient_direction=&raquo;left_to_right&raquo; overlay_strength=&raquo;0.3&#8243; width=&raquo;1\/1&#8243; tablet_width_inherit=&raquo;default&raquo; animation_type=&raquo;default&raquo; bg_image_animation=&raquo;none&raquo; border_type=&raquo;simple&raquo; column_border_width=&raquo;none&raquo; column_border_style=&raquo;solid&raquo;][vc_column_text]\n<h1>Ditt nye hjem<\/h1>\n[\/vc_column_text][divider line_type=&raquo;No Line&raquo; custom_height=&raquo;20&#8243;][vc_column_text]\n<h3><strong>Her kan du lese mer om Siljusl\u00e5tten sykehjem og v\u00e5rt tilbud til beboerne.<\/strong><\/h3>\n[\/vc_column_text][divider line_type=&raquo;No Line&raquo; custom_height=&raquo;20&#8243;][\/vc_column][\/vc_row][vc_row type=&raquo;in_container&raquo; full_screen_row_position=&raquo;middle&raquo; column_margin=&raquo;default&raquo; column_direction=&raquo;default&raquo; column_direction_tablet=&raquo;default&raquo; column_direction_phone=&raquo;default&raquo; scene_position=&raquo;center&raquo; text_color=&raquo;dark&raquo; text_align=&raquo;left&raquo; row_border_radius=&raquo;none&raquo; row_border_radius_applies=&raquo;bg&raquo; overflow=&raquo;visible&raquo; overlay_strength=&raquo;0.3&#8243; gradient_direction=&raquo;left_to_right&raquo; shape_divider_position=&raquo;bottom&raquo; bg_image_animation=&raquo;none&raquo;][vc_column column_padding=&raquo;no-extra-padding&raquo; column_padding_tablet=&raquo;inherit&raquo; column_padding_phone=&raquo;inherit&raquo; column_padding_position=&raquo;all&raquo; column_element_direction_desktop=&raquo;default&raquo; column_element_spacing=&raquo;default&raquo; desktop_text_alignment=&raquo;default&raquo; tablet_text_alignment=&raquo;default&raquo; phone_text_alignment=&raquo;default&raquo; background_color_opacity=&raquo;1&#8243; background_hover_color_opacity=&raquo;1&#8243; column_backdrop_filter=&raquo;none&raquo; column_shadow=&raquo;none&raquo; column_border_radius=&raquo;none&raquo; column_link_target=&raquo;_self&raquo; column_position=&raquo;default&raquo; gradient_direction=&raquo;left_to_right&raquo; overlay_strength=&raquo;0.3&#8243; width=&raquo;1\/1&#8243; tablet_width_inherit=&raquo;default&raquo; animation_type=&raquo;default&raquo; bg_image_animation=&raquo;none&raquo; border_type=&raquo;simple&raquo; column_border_width=&raquo;none&raquo; column_border_style=&raquo;solid&raquo;][image_with_animation image_url=&raquo;125&#8243; image_size=&raquo;full&raquo; animation_type=&raquo;entrance&raquo; animation=&raquo;Fade In&raquo; animation_easing=&raquo;default&raquo; animation_movement_type=&raquo;transform_y&raquo; hover_animation=&raquo;none&raquo; alignment=&raquo;&raquo; border_radius=&raquo;none&raquo; box_shadow=&raquo;none&raquo; image_loading=&raquo;default&raquo; max_width=&raquo;100%&raquo; max_width_mobile=&raquo;default&raquo;][\/vc_column][\/vc_row][vc_row type=&raquo;in_container&raquo; full_screen_row_position=&raquo;middle&raquo; column_margin=&raquo;default&raquo; column_direction=&raquo;default&raquo; column_direction_tablet=&raquo;default&raquo; column_direction_phone=&raquo;default&raquo; scene_position=&raquo;center&raquo; text_color=&raquo;dark&raquo; text_align=&raquo;left&raquo; row_border_radius=&raquo;none&raquo; row_border_radius_applies=&raquo;bg&raquo; overflow=&raquo;visible&raquo; overlay_strength=&raquo;0.3&#8243; gradient_direction=&raquo;left_to_right&raquo; shape_divider_position=&raquo;bottom&raquo; bg_image_animation=&raquo;none&raquo;][vc_column column_padding=&raquo;no-extra-padding&raquo; column_padding_tablet=&raquo;inherit&raquo; column_padding_phone=&raquo;inherit&raquo; column_padding_position=&raquo;all&raquo; column_element_direction_desktop=&raquo;default&raquo; column_element_spacing=&raquo;default&raquo; desktop_text_alignment=&raquo;default&raquo; tablet_text_alignment=&raquo;default&raquo; phone_text_alignment=&raquo;default&raquo; background_color_opacity=&raquo;1&#8243; background_hover_color_opacity=&raquo;1&#8243; column_backdrop_filter=&raquo;none&raquo; column_shadow=&raquo;none&raquo; column_border_radius=&raquo;none&raquo; column_link_target=&raquo;_self&raquo; column_position=&raquo;default&raquo; gradient_direction=&raquo;left_to_right&raquo; overlay_strength=&raquo;0.3&#8243; width=&raquo;1\/1&#8243; tablet_width_inherit=&raquo;default&raquo; animation_type=&raquo;default&raquo; bg_image_animation=&raquo;none&raquo; border_type=&raquo;simple&raquo; column_border_width=&raquo;none&raquo; column_border_style=&raquo;solid&raquo;][vc_column_text]Siljusl\u00e5tten sykehjem blir ditt nye hjem.\u00a0Her vil vi at du skal trives, og \u00f8nsker at\u00a0du skal f\u00e5 fortsette \u00e5 gj\u00f8re de tingene\u00a0som gleder deg. Vi har aktiviteter i hverdag\u00a0og helg, og \u00f8nsker at vi sammen\u00a0finner glede i sm\u00e5 og store ting gjennom\u00a0dagene.<\/p>\n<p>N\u00e5r du kommer til oss, vil du f\u00e5 tilbud\u00a0om en samtale med din kontaktperson.<br \/>\nDersom du vil, kan du ha med en\u00a0p\u00e5r\u00f8rende til denne samtalen. Her vil du<br \/>\nf\u00e5 mer informasjon om hvordan vi har\u00a0det p\u00e5 Siljusl\u00e5tten sykehjem.<\/p>\n<p>Rommet du skal bo p\u00e5 er lyst og fint\u00a0med store vinduer. Du f\u00e5r ogs\u00e5 et eget<br \/>\nbad. P\u00e5 rommet vil du finne en seng, et\u00a0nattbord og klesskap, s\u00e5 du kan fint ta<br \/>\nmed deg litt m\u00f8bler og bilder som betyr\u00a0noe for deg.<\/p>\n<p>Vi bryr oss om deg, og \u00f8nsker\u00a0\u00e5 vite\u00a0litt om hvem du er og hvordan ditt liv<br \/>\nhar v\u00e6rt. Vi \u00f8nsker\u00a0derfor at du og\/eller dine p\u00e5r\u00f8rende lager et album<br \/>\nmed bilder og tekst som kan gi oss et innblikk i ditt liv. Albumet vil vi ha felles<br \/>\nglede av i hverdag og til fest.<\/p>\n<p>Dine p\u00e5r\u00f8rende er velkommen p\u00e5 bes\u00f8k n\u00e5r det m\u00e5tte passe deg. Det er<br \/>\nhyggelig om de har tid til \u00e5 dele fine\u00a0stunder sammen med deg og oss b\u00e5de<br \/>\np\u00e5 rommet\u00a0ditt, eller i stuen eller andre fellesomr\u00e5der.<br \/>\nVi \u00f8nsker ogs\u00e5 p\u00e5r\u00f8rende\u00a0velkommen n\u00e5r vi har arrangementer<br \/>\ni avdelingen eller p\u00e5 hele huset.<\/p>\n<p><strong>Viktig informasjon<\/strong><\/p>\n<ul>\n<li>Alt t\u00f8y m\u00e5 merkes f\u00f8r du flytter til oss<\/li>\n<li>Ditt private t\u00f8y blir vasket i avdeling<\/li>\n<li>Vi har tilgang p\u00e5 fris\u00f8r og fotpleier<\/li>\n<li>Vi skal ha konserter og aktiviteter som\u00a0du kan delta p\u00e5<\/li>\n<li>Du f\u00e5r komme ut i frisk luft hver dag hvis du vil<\/li>\n<li>Du vil f\u00e5 en kontaktperson n\u00e5r du flytter til oss<\/li>\n<\/ul>\n<p>Sykehjemmet ligger i Ytrebygda bydel, og er et nytt sykehjem som \u00e5pnet i april 2019. Sykehjemmet drives av Stiftelsen Diakonova Haraldsplass. Dette er en privat, ideell stiftelse som driver omsorgsarbeid basert p\u00e5 et kristent verdisyn.<br \/>\nStiftelsens\u00a0visjon er \u00e5 tilby kompetanse med hjertevarme.<\/p>\n<p>Velkommen![\/vc_column_text][\/vc_column][\/vc_row]\n","protected":false},"excerpt":{"rendered":"<p>[vc_row type=&raquo;in_container&raquo; full_screen_row_position=&raquo;middle&raquo; column_margin=&raquo;default&raquo; column_direction=&raquo;default&raquo; column_direction_tablet=&raquo;default&raquo; column_direction_phone=&raquo;default&raquo; scene_position=&raquo;center&raquo; text_color=&raquo;dark&raquo; text_align=&raquo;left&raquo; row_border_radius=&raquo;none&raquo; row_border_radius_applies=&raquo;bg&raquo; overflow=&raquo;visible&raquo; overlay_strength=&raquo;0.3&#8243; gradient_direction=&raquo;left_to_right&raquo; shape_divider_position=&raquo;bottom&raquo; bg_image_animation=&raquo;none&raquo;][vc_column column_padding=&raquo;no-extra-padding&raquo; column_padding_tablet=&raquo;inherit&raquo; column_padding_phone=&raquo;inherit&raquo; column_padding_position=&raquo;all&raquo; column_element_direction_desktop=&raquo;default&raquo; column_element_spacing=&raquo;default&raquo; desktop_text_alignment=&raquo;default&raquo; tablet_text_alignment=&raquo;default&raquo; phone_text_alignment=&raquo;default&raquo; background_color_opacity=&raquo;1&#8243; background_hover_color_opacity=&raquo;1&#8243; column_backdrop_filter=&raquo;none&raquo; column_shadow=&raquo;none&raquo;&#8230;<\/p>\n","protected":false},"author":24,"featured_media":0,"parent":88,"menu_order":0,"comment_status":"closed","ping_status":"closed","template":"","meta":{"footnotes":""},"class_list":["post-58","page","type-page","status-publish"],"yoast_head":"<!-- This site is optimized with the Yoast SEO plugin v27.5 - https:\/\/yoast.com\/product\/yoast-seo-wordpress\/ -->\n<title>Praktisk informasjon - Siljusl\u00e5tten Sykehjem<\/title>\n<meta name=\"robots\" content=\"index, follow, max-snippet:-1, max-image-preview:large, max-video-preview:-1\" \/>\n<link rel=\"canonical\" href=\"https:\/\/www.haraldsplass.org\/siljuslaatten\/parorende-og-beboere\/informasjon\/\" \/>\n<meta property=\"og:locale\" content=\"nb_NO\" \/>\n<meta property=\"og:type\" content=\"article\" \/>\n<meta property=\"og:title\" content=\"Praktisk informasjon - Siljusl\u00e5tten Sykehjem\" \/>\n<meta property=\"og:description\" content=\"[vc_row type=&raquo;in_container&raquo; full_screen_row_position=&raquo;middle&raquo; column_margin=&raquo;default&raquo; column_direction=&raquo;default&raquo; column_direction_tablet=&raquo;default&raquo; column_direction_phone=&raquo;default&raquo; scene_position=&raquo;center&raquo; text_color=&raquo;dark&raquo; text_align=&raquo;left&raquo; row_border_radius=&raquo;none&raquo; row_border_radius_applies=&raquo;bg&raquo; overflow=&raquo;visible&raquo; overlay_strength=&raquo;0.3&#8243; gradient_direction=&raquo;left_to_right&raquo; shape_divider_position=&raquo;bottom&raquo; bg_image_animation=&raquo;none&raquo;][vc_column column_padding=&raquo;no-extra-padding&raquo; column_padding_tablet=&raquo;inherit&raquo; column_padding_phone=&raquo;inherit&raquo; column_padding_position=&raquo;all&raquo; column_element_direction_desktop=&raquo;default&raquo; column_element_spacing=&raquo;default&raquo; desktop_text_alignment=&raquo;default&raquo; tablet_text_alignment=&raquo;default&raquo; phone_text_alignment=&raquo;default&raquo; background_color_opacity=&raquo;1&#8243; background_hover_color_opacity=&raquo;1&#8243; column_backdrop_filter=&raquo;none&raquo; column_shadow=&raquo;none&raquo;...\" \/>\n<meta property=\"og:url\" content=\"https:\/\/www.haraldsplass.org\/siljuslaatten\/parorende-og-beboere\/informasjon\/\" \/>\n<meta property=\"og:site_name\" content=\"Siljusl\u00e5tten Sykehjem\" \/>\n<meta property=\"article:modified_time\" content=\"2023-12-28T16:54:46+00:00\" \/>\n<meta name=\"twitter:card\" content=\"summary_large_image\" \/>\n<meta name=\"twitter:label1\" content=\"Ansl. lesetid\" \/>\n\t<meta name=\"twitter:data1\" content=\"3 minutter\" \/>\n<script type=\"application\/ld+json\" class=\"yoast-schema-graph\">{\"@context\":\"https:\\\/\\\/schema.org\",\"@graph\":[{\"@type\":\"WebPage\",\"@id\":\"https:\\\/\\\/www.haraldsplass.org\\\/siljuslaatten\\\/parorende-og-beboere\\\/informasjon\\\/\",\"url\":\"https:\\\/\\\/www.haraldsplass.org\\\/siljuslaatten\\\/parorende-og-beboere\\\/informasjon\\\/\",\"name\":\"Praktisk informasjon - Siljusl\u00e5tten Sykehjem\",\"isPartOf\":{\"@id\":\"https:\\\/\\\/www.haraldsplass.org\\\/siljuslaatten\\\/#website\"},\"datePublished\":\"2019-02-21T09:38:55+00:00\",\"dateModified\":\"2023-12-28T16:54:46+00:00\",\"breadcrumb\":{\"@id\":\"https:\\\/\\\/www.haraldsplass.org\\\/siljuslaatten\\\/parorende-og-beboere\\\/informasjon\\\/#breadcrumb\"},\"inLanguage\":\"nb-NO\",\"potentialAction\":[{\"@type\":\"ReadAction\",\"target\":[\"https:\\\/\\\/www.haraldsplass.org\\\/siljuslaatten\\\/parorende-og-beboere\\\/informasjon\\\/\"]}]},{\"@type\":\"BreadcrumbList\",\"@id\":\"https:\\\/\\\/www.haraldsplass.org\\\/siljuslaatten\\\/parorende-og-beboere\\\/informasjon\\\/#breadcrumb\",\"itemListElement\":[{\"@type\":\"ListItem\",\"position\":1,\"name\":\"Hjem\",\"item\":\"https:\\\/\\\/www.haraldsplass.org\\\/siljuslaatten\\\/\"},{\"@type\":\"ListItem\",\"position\":2,\"name\":\"P\u00e5r\u00f8rende og beboere\",\"item\":\"https:\\\/\\\/www.haraldsplass.org\\\/siljuslaatten\\\/parorende-og-beboere\\\/\"},{\"@type\":\"ListItem\",\"position\":3,\"name\":\"Praktisk informasjon\"}]},{\"@type\":\"WebSite\",\"@id\":\"https:\\\/\\\/www.haraldsplass.org\\\/siljuslaatten\\\/#website\",\"url\":\"https:\\\/\\\/www.haraldsplass.org\\\/siljuslaatten\\\/\",\"name\":\"Siljusl\u00e5tten Sykehjem\",\"description\":\"\",\"potentialAction\":[{\"@type\":\"SearchAction\",\"target\":{\"@type\":\"EntryPoint\",\"urlTemplate\":\"https:\\\/\\\/www.haraldsplass.org\\\/siljuslaatten\\\/?s={search_term_string}\"},\"query-input\":{\"@type\":\"PropertyValueSpecification\",\"valueRequired\":true,\"valueName\":\"search_term_string\"}}],\"inLanguage\":\"nb-NO\"}]}<\/script>\n<!-- \/ Yoast SEO plugin. -->","yoast_head_json":{"title":"Praktisk informasjon - Siljusl\u00e5tten Sykehjem","robots":{"index":"index","follow":"follow","max-snippet":"max-snippet:-1","max-image-preview":"max-image-preview:large","max-video-preview":"max-video-preview:-1"},"canonical":"https:\/\/www.haraldsplass.org\/siljuslaatten\/parorende-og-beboere\/informasjon\/","og_locale":"nb_NO","og_type":"article","og_title":"Praktisk informasjon - Siljusl\u00e5tten Sykehjem","og_description":"[vc_row type=&raquo;in_container&raquo; full_screen_row_position=&raquo;middle&raquo; column_margin=&raquo;default&raquo; column_direction=&raquo;default&raquo; column_direction_tablet=&raquo;default&raquo; column_direction_phone=&raquo;default&raquo; scene_position=&raquo;center&raquo; text_color=&raquo;dark&raquo; text_align=&raquo;left&raquo; row_border_radius=&raquo;none&raquo; row_border_radius_applies=&raquo;bg&raquo; overflow=&raquo;visible&raquo; overlay_strength=&raquo;0.3&#8243; gradient_direction=&raquo;left_to_right&raquo; shape_divider_position=&raquo;bottom&raquo; bg_image_animation=&raquo;none&raquo;][vc_column column_padding=&raquo;no-extra-padding&raquo; column_padding_tablet=&raquo;inherit&raquo; column_padding_phone=&raquo;inherit&raquo; column_padding_position=&raquo;all&raquo; column_element_direction_desktop=&raquo;default&raquo; column_element_spacing=&raquo;default&raquo; desktop_text_alignment=&raquo;default&raquo; tablet_text_alignment=&raquo;default&raquo; phone_text_alignment=&raquo;default&raquo; background_color_opacity=&raquo;1&#8243; background_hover_color_opacity=&raquo;1&#8243; column_backdrop_filter=&raquo;none&raquo; column_shadow=&raquo;none&raquo;...","og_url":"https:\/\/www.haraldsplass.org\/siljuslaatten\/parorende-og-beboere\/informasjon\/","og_site_name":"Siljusl\u00e5tten Sykehjem","article_modified_time":"2023-12-28T16:54:46+00:00","twitter_card":"summary_large_image","twitter_misc":{"Ansl. lesetid":"3 minutter"},"schema":{"@context":"https:\/\/schema.org","@graph":[{"@type":"WebPage","@id":"https:\/\/www.haraldsplass.org\/siljuslaatten\/parorende-og-beboere\/informasjon\/","url":"https:\/\/www.haraldsplass.org\/siljuslaatten\/parorende-og-beboere\/informasjon\/","name":"Praktisk informasjon - Siljusl\u00e5tten Sykehjem","isPartOf":{"@id":"https:\/\/www.haraldsplass.org\/siljuslaatten\/#website"},"datePublished":"2019-02-21T09:38:55+00:00","dateModified":"2023-12-28T16:54:46+00:00","breadcrumb":{"@id":"https:\/\/www.haraldsplass.org\/siljuslaatten\/parorende-og-beboere\/informasjon\/#breadcrumb"},"inLanguage":"nb-NO","potentialAction":[{"@type":"ReadAction","target":["https:\/\/www.haraldsplass.org\/siljuslaatten\/parorende-og-beboere\/informasjon\/"]}]},{"@type":"BreadcrumbList","@id":"https:\/\/www.haraldsplass.org\/siljuslaatten\/parorende-og-beboere\/informasjon\/#breadcrumb","itemListElement":[{"@type":"ListItem","position":1,"name":"Hjem","item":"https:\/\/www.haraldsplass.org\/siljuslaatten\/"},{"@type":"ListItem","position":2,"name":"P\u00e5r\u00f8rende og beboere","item":"https:\/\/www.haraldsplass.org\/siljuslaatten\/parorende-og-beboere\/"},{"@type":"ListItem","position":3,"name":"Praktisk informasjon"}]},{"@type":"WebSite","@id":"https:\/\/www.haraldsplass.org\/siljuslaatten\/#website","url":"https:\/\/www.haraldsplass.org\/siljuslaatten\/","name":"Siljusl\u00e5tten Sykehjem","description":"","potentialAction":[{"@type":"SearchAction","target":{"@type":"EntryPoint","urlTemplate":"https:\/\/www.haraldsplass.org\/siljuslaatten\/?s={search_term_string}"},"query-input":{"@type":"PropertyValueSpecification","valueRequired":true,"valueName":"search_term_string"}}],"inLanguage":"nb-NO"}]}},"_links":{"self":[{"href":"https:\/\/www.haraldsplass.org\/siljuslaatten\/wp-json\/wp\/v2\/pages\/58","targetHints":{"allow":["GET"]}}],"collection":[{"href":"https:\/\/www.haraldsplass.org\/siljuslaatten\/wp-json\/wp\/v2\/pages"}],"about":[{"href":"https:\/\/www.haraldsplass.org\/siljuslaatten\/wp-json\/wp\/v2\/types\/page"}],"author":[{"embeddable":true,"href":"https:\/\/www.haraldsplass.org\/siljuslaatten\/wp-json\/wp\/v2\/users\/24"}],"replies":[{"embeddable":true,"href":"https:\/\/www.haraldsplass.org\/siljuslaatten\/wp-json\/wp\/v2\/comments?post=58"}],"version-history":[{"count":0,"href":"https:\/\/www.haraldsplass.org\/siljuslaatten\/wp-json\/wp\/v2\/pages\/58\/revisions"}],"up":[{"embeddable":true,"href":"https:\/\/www.haraldsplass.org\/siljuslaatten\/wp-json\/wp\/v2\/pages\/88"}],"wp:attachment":[{"href":"https:\/\/www.haraldsplass.org\/siljuslaatten\/wp-json\/wp\/v2\/media?parent=58"}],"curies":[{"name":"wp","href":"https:\/\/api.w.org\/{rel}","templated":true}]}}