{"id":87,"date":"2025-05-05T13:29:28","date_gmt":"2025-05-05T11:29:28","guid":{"rendered":"https:\/\/www.haraldsplass.org\/slettebakken\/?page_id=87"},"modified":"2025-12-17T13:24:04","modified_gmt":"2025-12-17T12:24:04","slug":"ansatte","status":"publish","type":"page","link":"https:\/\/www.haraldsplass.org\/slettebakken\/om-oss\/ansatte\/","title":{"rendered":"Ansatte"},"content":{"rendered":"[vc_row type=&raquo;in_container&raquo; full_screen_row_position=&raquo;middle&raquo; column_margin=&raquo;default&raquo; column_direction=&raquo;default&raquo; column_direction_tablet=&raquo;default&raquo; column_direction_phone=&raquo;default&raquo; scene_position=&raquo;center&raquo; text_color=&raquo;dark&raquo; text_align=&raquo;left&raquo; row_border_radius=&raquo;none&raquo; row_border_radius_applies=&raquo;bg&raquo; overflow=&raquo;visible&raquo; overlay_strength=&raquo;0.3&#8243; gradient_direction=&raquo;left_to_right&raquo; shape_divider_position=&raquo;bottom&raquo; bg_image_animation=&raquo;none&raquo;][vc_column column_padding=&raquo;no-extra-padding&raquo; column_padding_tablet=&raquo;inherit&raquo; column_padding_phone=&raquo;inherit&raquo; column_padding_position=&raquo;all&raquo; column_element_direction_desktop=&raquo;default&raquo; column_element_spacing=&raquo;default&raquo; desktop_text_alignment=&raquo;default&raquo; tablet_text_alignment=&raquo;default&raquo; phone_text_alignment=&raquo;default&raquo; background_color_opacity=&raquo;1&#8243; background_hover_color_opacity=&raquo;1&#8243; column_backdrop_filter=&raquo;none&raquo; column_shadow=&raquo;none&raquo; column_border_radius=&raquo;none&raquo; column_link_target=&raquo;_self&raquo; column_position=&raquo;default&raquo; gradient_direction=&raquo;left_to_right&raquo; overlay_strength=&raquo;0.3&#8243; width=&raquo;3\/4&#8243; tablet_width_inherit=&raquo;default&raquo; animation_type=&raquo;default&raquo; bg_image_animation=&raquo;none&raquo; border_type=&raquo;simple&raquo; column_border_width=&raquo;none&raquo; column_border_style=&raquo;solid&raquo;][vc_column_text css=&raquo;&raquo; text_direction=&raquo;default&raquo;]\n<h1>Ansatte<\/h1>\n[\/vc_column_text][\/vc_column][vc_column column_padding=&raquo;no-extra-padding&raquo; column_padding_tablet=&raquo;inherit&raquo; column_padding_phone=&raquo;inherit&raquo; column_padding_position=&raquo;all&raquo; column_element_direction_desktop=&raquo;default&raquo; column_element_spacing=&raquo;default&raquo; desktop_text_alignment=&raquo;default&raquo; tablet_text_alignment=&raquo;default&raquo; phone_text_alignment=&raquo;default&raquo; background_color_opacity=&raquo;1&#8243; background_hover_color_opacity=&raquo;1&#8243; column_backdrop_filter=&raquo;none&raquo; column_shadow=&raquo;none&raquo; column_border_radius=&raquo;none&raquo; column_link_target=&raquo;_self&raquo; column_position=&raquo;default&raquo; gradient_direction=&raquo;left_to_right&raquo; overlay_strength=&raquo;0.3&#8243; width=&raquo;1\/4&#8243; tablet_width_inherit=&raquo;default&raquo; animation_type=&raquo;default&raquo; bg_image_animation=&raquo;none&raquo; border_type=&raquo;simple&raquo; column_border_width=&raquo;none&raquo; column_border_style=&raquo;solid&raquo;][nectar_btn size=&raquo;medium&raquo; button_style=&raquo;regular&raquo; button_color_2=&raquo;Extra-Color-1&#8243; icon_family=&raquo;none&raquo; url=&raquo;https:\/\/www.haraldsplass.org\/slettebakken\/kontakt-oss\/&raquo; text=&raquo;Kontaktpersoner&raquo;][\/vc_column][\/vc_row][vc_row type=&raquo;in_container&raquo; full_screen_row_position=&raquo;middle&raquo; column_margin=&raquo;default&raquo; column_direction=&raquo;default&raquo; column_direction_tablet=&raquo;default&raquo; column_direction_phone=&raquo;default&raquo; scene_position=&raquo;center&raquo; text_color=&raquo;dark&raquo; text_align=&raquo;right&raquo; row_border_radius=&raquo;none&raquo; row_border_radius_applies=&raquo;bg&raquo; overflow=&raquo;visible&raquo; overlay_strength=&raquo;0.3&#8243; gradient_direction=&raquo;left_to_right&raquo; shape_divider_position=&raquo;bottom&raquo; bg_image_animation=&raquo;none&raquo; gradient_type=&raquo;default&raquo; shape_type=&raquo;&raquo;][vc_column column_padding=&raquo;no-extra-padding&raquo; column_padding_tablet=&raquo;inherit&raquo; column_padding_phone=&raquo;inherit&raquo; column_padding_position=&raquo;all&raquo; column_element_direction_desktop=&raquo;default&raquo; column_element_spacing=&raquo;default&raquo; desktop_text_alignment=&raquo;default&raquo; tablet_text_alignment=&raquo;default&raquo; phone_text_alignment=&raquo;default&raquo; background_color_opacity=&raquo;1&#8243; background_hover_color_opacity=&raquo;1&#8243; column_backdrop_filter=&raquo;none&raquo; column_shadow=&raquo;none&raquo; column_border_radius=&raquo;none&raquo; column_link_target=&raquo;_self&raquo; column_position=&raquo;default&raquo; gradient_direction=&raquo;left_to_right&raquo; overlay_strength=&raquo;0.3&#8243; width=&raquo;1\/1&#8243; tablet_width_inherit=&raquo;default&raquo; animation_type=&raquo;default&raquo; bg_image_animation=&raquo;none&raquo; border_type=&raquo;simple&raquo; column_border_width=&raquo;none&raquo; column_border_style=&raquo;solid&raquo;][divider line_type=&raquo;Full Width Line&raquo; line_thickness=&raquo;1&#8243; divider_color=&raquo;accent-color&raquo; custom_height=&raquo;40&#8243;][\/vc_column][\/vc_row][vc_row type=&raquo;in_container&raquo; full_screen_row_position=&raquo;middle&raquo; column_margin=&raquo;60px&raquo; column_direction=&raquo;default&raquo; column_direction_tablet=&raquo;default&raquo; column_direction_phone=&raquo;default&raquo; scene_position=&raquo;center&raquo; text_color=&raquo;dark&raquo; text_align=&raquo;left&raquo; row_border_radius=&raquo;none&raquo; row_border_radius_applies=&raquo;bg&raquo; overflow=&raquo;visible&raquo; overlay_strength=&raquo;0.3&#8243; gradient_direction=&raquo;left_to_right&raquo; shape_divider_position=&raquo;bottom&raquo; bg_image_animation=&raquo;none&raquo; gradient_type=&raquo;default&raquo; shape_type=&raquo;&raquo;][vc_column column_padding=&raquo;no-extra-padding&raquo; column_padding_tablet=&raquo;inherit&raquo; column_padding_phone=&raquo;inherit&raquo; column_padding_position=&raquo;all&raquo; column_element_direction_desktop=&raquo;default&raquo; column_element_spacing=&raquo;default&raquo; desktop_text_alignment=&raquo;default&raquo; tablet_text_alignment=&raquo;default&raquo; phone_text_alignment=&raquo;default&raquo; background_color_opacity=&raquo;1&#8243; background_hover_color_opacity=&raquo;1&#8243; column_backdrop_filter=&raquo;none&raquo; column_shadow=&raquo;none&raquo; column_border_radius=&raquo;none&raquo; column_link_target=&raquo;_self&raquo; column_position=&raquo;default&raquo; gradient_direction=&raquo;left_to_right&raquo; overlay_strength=&raquo;0.3&#8243; width=&raquo;1\/2&#8243; tablet_width_inherit=&raquo;default&raquo; animation_type=&raquo;default&raquo; bg_image_animation=&raquo;none&raquo; border_type=&raquo;simple&raquo; column_border_width=&raquo;none&raquo; column_border_style=&raquo;solid&raquo;][vc_column_text css=&raquo;&raquo; text_direction=&raquo;default&raquo;]\n<h2>De ansatte er eldresenterets viktigste ressurs<\/h2>\n<p>V\u00e5rt &laquo;produkt&raquo; er omsorg for andre mennesker. Kvaliteten p\u00e5 det vi leverer er helt avhengig av v\u00e5re ansatte. P\u00e5 Slettebakken menighets Eldresenter jobber det mange dyktige fagpersoner som hver eneste dag gj\u00f8r det de kan for at beboerne skal oppleve \u00e5 bli godt ivaretatt. Mange av v\u00e5re ansatte har lang erfaring fra eldreomsorgen, og er spesielt kompetente i m\u00f8te med utfordringene p\u00e5 dette feltet. V\u00e5rt totale tilbud er avhengig av at alle ansatte har samme m\u00e5l; skape et godt produkt for de som bor hos oss. Etisk refleksjon er innarbeidet p\u00e5 alle niv\u00e5 i organisasjonen.<\/p>\n<p>Vi \u00f8nsker at eldresenteret skal v\u00e6re en arbeidsplass der det b\u00e5de er h\u00f8y faglig standard og h\u00f8y trivsel. Personsentrert omsorg er et n\u00f8kkelbegrep. Vi jobber b\u00e5de med faglig utvikling og er opptatt av v\u00e5rt arbeidsmilj\u00f8. Trivsel p\u00e5 jobb er viktig for \u00e5 yte gode tjenester til v\u00e5re beboere. V\u00e5r visjon har utviklet seg gjennom diskusjoner i hele organisasjonen. Derfor st\u00e5r vi samlet om innholdet i den b\u00e5de i forhold til beboere, p\u00e5r\u00f8rende og hverandre som arbeidskolleger; VI TAR OSS TID TIL DE GODE OPPLEVELSENE! Nye medarbeidere f\u00e5r omvisning p\u00e5 huset, og en del informasjon blant annet via heftet &laquo;Velkommen som ny medarbeider&raquo;.[\/vc_column_text][divider line_type=&raquo;Full Width Line&raquo; line_thickness=&raquo;1&#8243; divider_color=&raquo;accent-color&raquo; custom_height=&raquo;80&#8243;][vc_column_text css=&raquo;&raquo; text_direction=&raquo;default&raquo;]\n<h2>Personalgruppen<\/h2>\n<h3>Slettebakken Eldresenter har 110 ansatte fordelt p\u00e5 62 stillingshjemler<\/h3>\n[\/vc_column_text][divider line_type=&raquo;No Line&raquo; custom_height=&raquo;40&#8243;][vc_column_text css=&raquo;&raquo; text_direction=&raquo;default&raquo;]Personalgruppen er satt sammen av:<\/p>\n<ul>\n<li>P\u00e5 sykehjemsavdelingene: sykepleier, vernepleie, helsefagarbeider, pleieassistenter.<\/li>\n<li>Det er egne fagpersoner p\u00e5 natt: sykepleier, helsefagarbeider<\/li>\n<li>Renholdsavdelingen: Ledende renholder og renholdsarbeidere<\/li>\n<li>Kj\u00f8kkenet: Kj\u00f8kkensjef og to fagutdannede kokker<\/li>\n<li>Administrasjon: Daglig leder og Pers\/l\u00f8nn-konsulent<\/li>\n<li>Legetjeneste: Tilsynslege i 100 % stilling<\/li>\n<li>I tillegg: Sykepleierfaglig leder, driftsleder, fris\u00f8r, fotterapeut, frivillighets koordinator\/ aktivitetsleder.<\/li>\n<\/ul>\n[\/vc_column_text][divider line_type=&raquo;Full Width Line&raquo; line_thickness=&raquo;1&#8243; divider_color=&raquo;accent-color&raquo; custom_height=&raquo;80&#8243;][vc_column_text css=&raquo;&raquo; text_direction=&raquo;default&raquo;]\n<h2>Kompetanse<\/h2>\n<h3>Kompetente medarbeidere er en forutsetning for et godt tilbud til v\u00e5re beboere<\/h3>\n[\/vc_column_text][divider line_type=&raquo;No Line&raquo; custom_height=&raquo;40&#8243;][vc_column_text css=&raquo;&raquo; text_direction=&raquo;default&raquo;]Regjeringen har satt seg som m\u00e5l at vi skal heve kompetansen totalt sett innenfor hele prim\u00e6rhelsetjenesten. Bergen kommune har investert i flere ulike tiltak som ogs\u00e5 vi drar nytte av. Vi har i dag flere sykepleiere, hjelpepleiere og assistenter som er i ferd med \u00e5 bygge p\u00e5 sin kompetanse via ulike tilbud i Bergen kommune. Samtidig setter vi av midler til kurs og kompetansehevende tiltak som kan s\u00f8kes om internt. Vi \u00f8nsker at kompetanseutviklingen p\u00e5 huset skal bygge opp under v\u00e5r visjon, og det behovet som vi ser i organisasjonen. Her f\u00f8lger en oversikt over det som foreg\u00e5r i dag.<\/p>\n<h4>Kurs og seminar<\/h4>\n<p>Det tilbys mange aktuelle kurs og seminar innenfor fagfeltet. Utfra behov meldt gjennom medarbeidersamtaler, og en vurdering av hva vi trenger blir kurs tildelt.<\/p>\n<h4>Intern undervisning<\/h4>\n<p>Settes opp p\u00e5 m\u00f8teplanen om lag tre ganger i halv\u00e5ret. Tema etter innspill, eller utfra aktuelle saker.<\/p>\n<h4>Sykepleiestudenter og elever<\/h4>\n<p>Vi har sykepleierstudenter fra VID, Haraldsplass. Sykepleiere med veiledningskurs f\u00f8lger opp studentene.<\/p>\n<p>SME har avtale med Bergen kommune sitt oppl\u00e6ringskontor om l\u00e6rlingeplasser. Vi utdanner egne instrukt\u00f8rer blant hjelpepleierne\/omsorgsarbeiderne som f\u00f8lger opp elevene i l\u00e6rlingtiden.<\/p>\n<p>Vi tar i mot elever fra helse- og sosiallinjene n\u00e5r de har utplassering de f\u00f8rste to \u00e5rene p\u00e5 skole.[\/vc_column_text][\/vc_column][vc_column column_padding=&raquo;no-extra-padding&raquo; column_padding_tablet=&raquo;inherit&raquo; column_padding_phone=&raquo;inherit&raquo; column_padding_position=&raquo;all&raquo; column_element_direction_desktop=&raquo;default&raquo; column_element_spacing=&raquo;default&raquo; desktop_text_alignment=&raquo;default&raquo; tablet_text_alignment=&raquo;default&raquo; phone_text_alignment=&raquo;default&raquo; background_color_opacity=&raquo;1&#8243; background_hover_color_opacity=&raquo;1&#8243; column_backdrop_filter=&raquo;none&raquo; column_shadow=&raquo;none&raquo; column_border_radius=&raquo;none&raquo; column_link_target=&raquo;_self&raquo; column_position=&raquo;default&raquo; gradient_direction=&raquo;left_to_right&raquo; overlay_strength=&raquo;0.3&#8243; width=&raquo;1\/2&#8243; tablet_width_inherit=&raquo;default&raquo; animation_type=&raquo;default&raquo; bg_image_animation=&raquo;none&raquo; border_type=&raquo;simple&raquo; column_border_width=&raquo;none&raquo; column_border_style=&raquo;solid&raquo;][vc_column_text css=&raquo;&raquo; text_direction=&raquo;default&raquo;]\n<h2>Sykepleietjenesten<\/h2>\n[\/vc_column_text][divider line_type=&raquo;No Line&raquo; custom_height=&raquo;40&#8243;][vc_column_text css=&raquo;&raquo; text_direction=&raquo;default&raquo;]Deres kompetanse er b\u00e5de lovp\u00e5lagt og helt n\u00f8dvendig for \u00e5 kunne gi riktig pleie, omsorg og oppf\u00f8lging av beboerne. Det er viktig \u00e5 rekruttere og beholde gode sykepleiere. Da m\u00e5 vi b\u00e5de kunne tilby en faglig utfordrende arbeidsplass, og en organisering som gj\u00f8r at sykepleierne opplever \u00e5 kunne utf\u00f8re jobben sin p\u00e5 en god m\u00e5te. Vi har organisert sykepleietjenesten v\u00e5r slik;<\/p>\n<p><strong>Avdelingsledere<\/strong><\/p>\n<p>Vi har 7 avdelingsledere som har det faglige ansvaret p\u00e5 sine avdelinger. Det er sykepleiere og vernepleier. Avdelingslederne har ogs\u00e5 personalansvar p\u00e5 sine avdelinger. Avdelingslederne jobber ikke turnus, og er p\u00e5 jobb alle ukedager. En dag i uken er satt av til administrativt arbeid slik at de har tid og mulighet til \u00e5 planlegge, tilrettelegge og f\u00f8lge opp b\u00e5de beboere og personalet. Avdelingslederne deltar aktivt ute i det beboerrettede arbeidet resten av uken.<\/p>\n<p><strong>M\u00f8ter<\/strong><\/p>\n<p>Det arrangeres sykepleier og helsefagarbeider m\u00f8te x 4\/\u00e5r. Saker som kan tas opp er fag, retningslinjer, rutiner etc.<\/p>\n<p><strong>Ressurspersoner<\/strong><\/p>\n<p>Vi har egne ressurspersoner innen ulike fagfelt som bl. annet:<\/p>\n<p>Etikk, palliasjon, hygiene smittevern, psykisk helse nettverk, GBD, velferdsteknologi, MAPP\/ Resima, medisin og medisinske forbruksvarer.[\/vc_column_text][divider line_type=&raquo;Full Width Line&raquo; line_thickness=&raquo;1&#8243; divider_color=&raquo;accent-color&raquo; custom_height=&raquo;80&#8243;][vc_column_text css=&raquo;&raquo; text_direction=&raquo;default&raquo;]\n<h2>Arbeidsmilj\u00f8<\/h2>\n<h3>Arbeidsmilj\u00f8et er avgj\u00f8rende for trivselen<\/h3>\n[\/vc_column_text][divider line_type=&raquo;No Line&raquo; custom_height=&raquo;40&#8243;][vc_column_text css=&raquo;&raquo; text_direction=&raquo;default&raquo;]Et godt arbeidsmilj\u00f8 er avgj\u00f8rende for at personalet skal trives, og klare \u00e5 yte maksimalt ovenfor v\u00e5re beboere. Vi pr\u00f8ver \u00e5 fange opp hvordan den enkelte ansatte opplever sin arbeidsplass gjennom medarbeidersamtaler. Konflikter blir h\u00e5ndtert p\u00e5 lavest mulig niv\u00e5, og holdningen er at de kan medf\u00f8re bedring i v\u00e5r arbeidshverdag hvis vi l\u00f8ser dem fornuftig.<\/p>\n<p>Arbeidsmilj\u00f8utvalget best\u00e5r av tre ansatte representanter og to arbeidsgiverrepresentanter i tillegg til daglig leder. AMU f\u00f8lger \u00e5rlige tiltakene som p\u00e5virker personalets arbeidsmilj\u00f8. AMU fordeler ogs\u00e5 de avsatte midlene mellom de tiltak som er \u00f8nsket.<\/p>\n<p>De siste \u00e5rene har velferdsmidlene subsidiert julebord, bl\u00e5tur ol. Tiltakene er popul\u00e6re og samler ansatte p\u00e5 tvers av alle avdelinger.<\/p>\n<p>I tillegg arrangerer AMU ulike sosiale treff for \u00e5 knytte personalgruppene sammen.<\/p>\n<p>De ulike avdelingene tar ogs\u00e5 selv ansvar for \u00e5 skape gode relasjoner ogs\u00e5 gjennom felles aktiviteter.[\/vc_column_text][\/vc_column][\/vc_row]\n","protected":false},"excerpt":{"rendered":"<p>[vc_row type=&raquo;in_container&raquo; full_screen_row_position=&raquo;middle&raquo; column_margin=&raquo;default&raquo; column_direction=&raquo;default&raquo; column_direction_tablet=&raquo;default&raquo; column_direction_phone=&raquo;default&raquo; scene_position=&raquo;center&raquo; text_color=&raquo;dark&raquo; text_align=&raquo;left&raquo; row_border_radius=&raquo;none&raquo; row_border_radius_applies=&raquo;bg&raquo; overflow=&raquo;visible&raquo; overlay_strength=&raquo;0.3&#8243; gradient_direction=&raquo;left_to_right&raquo; shape_divider_position=&raquo;bottom&raquo; bg_image_animation=&raquo;none&raquo;][vc_column column_padding=&raquo;no-extra-padding&raquo; column_padding_tablet=&raquo;inherit&raquo; column_padding_phone=&raquo;inherit&raquo; column_padding_position=&raquo;all&raquo; column_element_direction_desktop=&raquo;default&raquo; column_element_spacing=&raquo;default&raquo; desktop_text_alignment=&raquo;default&raquo; tablet_text_alignment=&raquo;default&raquo; phone_text_alignment=&raquo;default&raquo; background_color_opacity=&raquo;1&#8243; background_hover_color_opacity=&raquo;1&#8243; column_backdrop_filter=&raquo;none&raquo; column_shadow=&raquo;none&raquo;&#8230;<\/p>\n","protected":false},"author":3,"featured_media":0,"parent":64,"menu_order":0,"comment_status":"closed","ping_status":"closed","template":"","meta":{"footnotes":""},"class_list":["post-87","page","type-page","status-publish"],"yoast_head":"<!-- This site is optimized with the Yoast SEO plugin v27.5 - https:\/\/yoast.com\/product\/yoast-seo-wordpress\/ -->\n<title>Ansatte - Slettebakken Menighets Eldresenter<\/title>\n<meta name=\"robots\" content=\"noindex, follow, max-snippet:-1, max-image-preview:large, max-video-preview:-1\" \/>\n<meta property=\"og:locale\" content=\"nb_NO\" \/>\n<meta property=\"og:type\" content=\"article\" \/>\n<meta property=\"og:title\" content=\"Ansatte - Slettebakken Menighets Eldresenter\" \/>\n<meta property=\"og:description\" content=\"[vc_row type=&raquo;in_container&raquo; full_screen_row_position=&raquo;middle&raquo; column_margin=&raquo;default&raquo; column_direction=&raquo;default&raquo; column_direction_tablet=&raquo;default&raquo; column_direction_phone=&raquo;default&raquo; scene_position=&raquo;center&raquo; text_color=&raquo;dark&raquo; text_align=&raquo;left&raquo; row_border_radius=&raquo;none&raquo; row_border_radius_applies=&raquo;bg&raquo; overflow=&raquo;visible&raquo; overlay_strength=&raquo;0.3&#8243; gradient_direction=&raquo;left_to_right&raquo; shape_divider_position=&raquo;bottom&raquo; bg_image_animation=&raquo;none&raquo;][vc_column column_padding=&raquo;no-extra-padding&raquo; column_padding_tablet=&raquo;inherit&raquo; column_padding_phone=&raquo;inherit&raquo; column_padding_position=&raquo;all&raquo; column_element_direction_desktop=&raquo;default&raquo; column_element_spacing=&raquo;default&raquo; desktop_text_alignment=&raquo;default&raquo; tablet_text_alignment=&raquo;default&raquo; phone_text_alignment=&raquo;default&raquo; background_color_opacity=&raquo;1&#8243; background_hover_color_opacity=&raquo;1&#8243; column_backdrop_filter=&raquo;none&raquo; column_shadow=&raquo;none&raquo;...\" \/>\n<meta property=\"og:url\" content=\"https:\/\/www.haraldsplass.org\/slettebakken\/om-oss\/ansatte\/\" \/>\n<meta property=\"og:site_name\" content=\"Slettebakken Menighets Eldresenter\" \/>\n<meta property=\"article:modified_time\" content=\"2025-12-17T12:24:04+00:00\" \/>\n<meta name=\"twitter:card\" content=\"summary_large_image\" \/>\n<meta name=\"twitter:label1\" content=\"Ansl. lesetid\" \/>\n\t<meta name=\"twitter:data1\" content=\"6 minutter\" \/>\n<script type=\"application\/ld+json\" class=\"yoast-schema-graph\">{\"@context\":\"https:\\\/\\\/schema.org\",\"@graph\":[{\"@type\":\"WebPage\",\"@id\":\"https:\\\/\\\/www.haraldsplass.org\\\/slettebakken\\\/om-oss\\\/ansatte\\\/\",\"url\":\"https:\\\/\\\/www.haraldsplass.org\\\/slettebakken\\\/om-oss\\\/ansatte\\\/\",\"name\":\"Ansatte - Slettebakken Menighets Eldresenter\",\"isPartOf\":{\"@id\":\"https:\\\/\\\/www.haraldsplass.org\\\/slettebakken\\\/#website\"},\"datePublished\":\"2025-05-05T11:29:28+00:00\",\"dateModified\":\"2025-12-17T12:24:04+00:00\",\"breadcrumb\":{\"@id\":\"https:\\\/\\\/www.haraldsplass.org\\\/slettebakken\\\/om-oss\\\/ansatte\\\/#breadcrumb\"},\"inLanguage\":\"nb-NO\",\"potentialAction\":[{\"@type\":\"ReadAction\",\"target\":[\"https:\\\/\\\/www.haraldsplass.org\\\/slettebakken\\\/om-oss\\\/ansatte\\\/\"]}]},{\"@type\":\"BreadcrumbList\",\"@id\":\"https:\\\/\\\/www.haraldsplass.org\\\/slettebakken\\\/om-oss\\\/ansatte\\\/#breadcrumb\",\"itemListElement\":[{\"@type\":\"ListItem\",\"position\":1,\"name\":\"Hjem\",\"item\":\"https:\\\/\\\/www.haraldsplass.org\\\/slettebakken\\\/\"},{\"@type\":\"ListItem\",\"position\":2,\"name\":\"Om oss\",\"item\":\"https:\\\/\\\/www.haraldsplass.org\\\/slettebakken\\\/om-oss\\\/\"},{\"@type\":\"ListItem\",\"position\":3,\"name\":\"Ansatte\"}]},{\"@type\":\"WebSite\",\"@id\":\"https:\\\/\\\/www.haraldsplass.org\\\/slettebakken\\\/#website\",\"url\":\"https:\\\/\\\/www.haraldsplass.org\\\/slettebakken\\\/\",\"name\":\"Slettebakken Menighets Eldresenter\",\"description\":\"\",\"potentialAction\":[{\"@type\":\"SearchAction\",\"target\":{\"@type\":\"EntryPoint\",\"urlTemplate\":\"https:\\\/\\\/www.haraldsplass.org\\\/slettebakken\\\/?s={search_term_string}\"},\"query-input\":{\"@type\":\"PropertyValueSpecification\",\"valueRequired\":true,\"valueName\":\"search_term_string\"}}],\"inLanguage\":\"nb-NO\"}]}<\/script>\n<!-- \/ Yoast SEO plugin. -->","yoast_head_json":{"title":"Ansatte - Slettebakken Menighets Eldresenter","robots":{"index":"noindex","follow":"follow","max-snippet":"max-snippet:-1","max-image-preview":"max-image-preview:large","max-video-preview":"max-video-preview:-1"},"og_locale":"nb_NO","og_type":"article","og_title":"Ansatte - Slettebakken Menighets Eldresenter","og_description":"[vc_row type=&raquo;in_container&raquo; full_screen_row_position=&raquo;middle&raquo; column_margin=&raquo;default&raquo; column_direction=&raquo;default&raquo; column_direction_tablet=&raquo;default&raquo; column_direction_phone=&raquo;default&raquo; scene_position=&raquo;center&raquo; text_color=&raquo;dark&raquo; text_align=&raquo;left&raquo; row_border_radius=&raquo;none&raquo; row_border_radius_applies=&raquo;bg&raquo; overflow=&raquo;visible&raquo; overlay_strength=&raquo;0.3&#8243; gradient_direction=&raquo;left_to_right&raquo; shape_divider_position=&raquo;bottom&raquo; bg_image_animation=&raquo;none&raquo;][vc_column column_padding=&raquo;no-extra-padding&raquo; column_padding_tablet=&raquo;inherit&raquo; column_padding_phone=&raquo;inherit&raquo; column_padding_position=&raquo;all&raquo; column_element_direction_desktop=&raquo;default&raquo; column_element_spacing=&raquo;default&raquo; desktop_text_alignment=&raquo;default&raquo; tablet_text_alignment=&raquo;default&raquo; phone_text_alignment=&raquo;default&raquo; background_color_opacity=&raquo;1&#8243; background_hover_color_opacity=&raquo;1&#8243; column_backdrop_filter=&raquo;none&raquo; column_shadow=&raquo;none&raquo;...","og_url":"https:\/\/www.haraldsplass.org\/slettebakken\/om-oss\/ansatte\/","og_site_name":"Slettebakken Menighets Eldresenter","article_modified_time":"2025-12-17T12:24:04+00:00","twitter_card":"summary_large_image","twitter_misc":{"Ansl. lesetid":"6 minutter"},"schema":{"@context":"https:\/\/schema.org","@graph":[{"@type":"WebPage","@id":"https:\/\/www.haraldsplass.org\/slettebakken\/om-oss\/ansatte\/","url":"https:\/\/www.haraldsplass.org\/slettebakken\/om-oss\/ansatte\/","name":"Ansatte - Slettebakken Menighets Eldresenter","isPartOf":{"@id":"https:\/\/www.haraldsplass.org\/slettebakken\/#website"},"datePublished":"2025-05-05T11:29:28+00:00","dateModified":"2025-12-17T12:24:04+00:00","breadcrumb":{"@id":"https:\/\/www.haraldsplass.org\/slettebakken\/om-oss\/ansatte\/#breadcrumb"},"inLanguage":"nb-NO","potentialAction":[{"@type":"ReadAction","target":["https:\/\/www.haraldsplass.org\/slettebakken\/om-oss\/ansatte\/"]}]},{"@type":"BreadcrumbList","@id":"https:\/\/www.haraldsplass.org\/slettebakken\/om-oss\/ansatte\/#breadcrumb","itemListElement":[{"@type":"ListItem","position":1,"name":"Hjem","item":"https:\/\/www.haraldsplass.org\/slettebakken\/"},{"@type":"ListItem","position":2,"name":"Om oss","item":"https:\/\/www.haraldsplass.org\/slettebakken\/om-oss\/"},{"@type":"ListItem","position":3,"name":"Ansatte"}]},{"@type":"WebSite","@id":"https:\/\/www.haraldsplass.org\/slettebakken\/#website","url":"https:\/\/www.haraldsplass.org\/slettebakken\/","name":"Slettebakken Menighets Eldresenter","description":"","potentialAction":[{"@type":"SearchAction","target":{"@type":"EntryPoint","urlTemplate":"https:\/\/www.haraldsplass.org\/slettebakken\/?s={search_term_string}"},"query-input":{"@type":"PropertyValueSpecification","valueRequired":true,"valueName":"search_term_string"}}],"inLanguage":"nb-NO"}]}},"_links":{"self":[{"href":"https:\/\/www.haraldsplass.org\/slettebakken\/wp-json\/wp\/v2\/pages\/87","targetHints":{"allow":["GET"]}}],"collection":[{"href":"https:\/\/www.haraldsplass.org\/slettebakken\/wp-json\/wp\/v2\/pages"}],"about":[{"href":"https:\/\/www.haraldsplass.org\/slettebakken\/wp-json\/wp\/v2\/types\/page"}],"author":[{"embeddable":true,"href":"https:\/\/www.haraldsplass.org\/slettebakken\/wp-json\/wp\/v2\/users\/3"}],"replies":[{"embeddable":true,"href":"https:\/\/www.haraldsplass.org\/slettebakken\/wp-json\/wp\/v2\/comments?post=87"}],"version-history":[{"count":0,"href":"https:\/\/www.haraldsplass.org\/slettebakken\/wp-json\/wp\/v2\/pages\/87\/revisions"}],"up":[{"embeddable":true,"href":"https:\/\/www.haraldsplass.org\/slettebakken\/wp-json\/wp\/v2\/pages\/64"}],"wp:attachment":[{"href":"https:\/\/www.haraldsplass.org\/slettebakken\/wp-json\/wp\/v2\/media?parent=87"}],"curies":[{"name":"wp","href":"https:\/\/api.w.org\/{rel}","templated":true}]}}